{"id":2,"date":"2024-02-27T13:27:05","date_gmt":"2024-02-27T16:27:05","guid":{"rendered":"https:\/\/apsicologia.com.br\/?page_id=2"},"modified":"2024-09-13T11:02:00","modified_gmt":"2024-09-13T14:02:00","slug":"pagina-exemplo","status":"publish","type":"page","link":"https:\/\/apsicologia.com.br\/?page_id=2","title":{"rendered":""},"content":{"rendered":"\n<p>Neste site, voc\u00ea encontrar\u00e1 informa\u00e7\u00f5es valiosas, inspiradoras e motivadoras para apoiar a busca por uma vida mais feliz e saud\u00e1vel. Oferecemos recursos e orienta\u00e7\u00f5es que podem ser especialmente \u00fateis para pessoas no espectro do autismo e suas fam\u00edlias, bem como para aqueles que buscam melhorar seu bem-estar geral.<\/p>\n\n\n\n<h3 class=\"wp-block-heading\">Alguns dos principais servi\u00e7os incluem:<\/h3>\n\n\n\n<p><strong>Terapia individual para adultos,  adolescentes e crian\u00e7as, abordando quest\u00f5es como:<\/strong><\/p>\n\n\n\n<ul class=\"wp-block-list\">\n<li><strong>Ansiedade:<\/strong> Estrat\u00e9gias para lidar com a ansiedade e melhorar a qualidade de vida.<\/li>\n\n\n\n<li><strong>Depress\u00e3o:<\/strong> Abordagem terap\u00eautica para superar sintomas depressivos e promover o bem-estar emocional.<\/li>\n\n\n\n<li><strong>Estresse:<\/strong> T\u00e9cnicas para gerenciar o estresse e desenvolver habilidades de enfrentamento.<\/li>\n\n\n\n<li><strong>Traumas:<\/strong> Interven\u00e7\u00f5es para tratar e processar experi\u00eancias traum\u00e1ticas.<\/li>\n\n\n\n<li><strong>Dificuldades de relacionamento:<\/strong> Apoio para melhorar as habilidades de comunica\u00e7\u00e3o e resolver conflitos interpessoais.<\/li>\n\n\n\n<li><strong>Autoestima:<\/strong> Desenvolvimento da autoimagem e confian\u00e7a pessoal.<\/li>\n\n\n\n<li><strong>Desenvolvimento pessoal:<\/strong> Acompanhamento para atingir objetivos pessoais e profissionais.<\/li>\n<\/ul>\n\n\n\n<p><strong>Terapia e avalia\u00e7\u00e3o especializadas em Transtorno do Espectro Autista (TEA):<\/strong><\/p>\n\n\n\n<ul class=\"wp-block-list\">\n<li><strong>Avalia\u00e7\u00e3o e Diagn\u00f3stico:<\/strong> Processos detalhados para identificar e entender o autismo, proporcionando um diagn\u00f3stico preciso e orienta\u00e7\u00f5es claras.<\/li>\n\n\n\n<li><strong>Interven\u00e7\u00e3o Personalizada:<\/strong> Programas terap\u00eauticos adaptados \u00e0s necessidades espec\u00edficas de indiv\u00edduos com TEA, visando melhorar habilidades sociais, comunicativas e comportamentais.<\/li>\n\n\n\n<li><strong>Apoio \u00e0s Fam\u00edlias:<\/strong> Orienta\u00e7\u00e3o e suporte para pais e cuidadores, incluindo estrat\u00e9gias de manejo e adapta\u00e7\u00e3o para promover o desenvolvimento e a integra\u00e7\u00e3o social.<\/li>\n\n\n\n<li><strong>Consultoria Educacional:<\/strong> Assessoria para criar ambientes de aprendizagem inclusivos e adaptados \u00e0s necessidades dos alunos com TEA.<\/li>\n<\/ul>\n\n\n\n<p>Se voc\u00ea est\u00e1 procurando um psic\u00f3logo experiente, atencioso e dedicado, que possa oferecer suporte personalizado para superar desafios e alcan\u00e7ar objetivos, entre em contato com Wanderley Gomes.<\/p>\n\n\n\n<h4 class=\"wp-block-heading\">Rua Juiz de Fora, 284, sala 608 \u2013 Bairro Barro Preto \u2013 Belo Horizonte \u2013 MG<\/h4>\n\n\n\n<p>wanderley@apsicologica.com.br<\/p>\n\n\n\n<p><strong>31- 9 99821564<\/strong><\/p>\n\n\n\n<p><strong>CRP 04\/59233<\/strong><\/p>\n\n\n<div class=\"brz-root__container brz-reset-all\">\n<h2 class=\"wp-block-heading\">\u00a0<\/h2>\n<\/div>\n<div class=\"brz-root__container brz-reset-all\">\n<p>\u00a0<\/p>\n<\/div>\n<p><!-- version:1709296237 --><\/p>\n\n","protected":false},"excerpt":{"rendered":"<p>Neste site, voc\u00ea encontrar\u00e1 informa\u00e7\u00f5es valiosas, inspiradoras e motivadoras para apoiar a busca por uma vida mais feliz e saud\u00e1vel. Oferecemos recursos e orienta\u00e7\u00f5es que podem ser especialmente \u00fateis para pessoas no espectro do autismo e suas fam\u00edlias, bem como para aqueles que buscam melhorar seu bem-estar geral. Alguns dos principais servi\u00e7os incluem: Terapia individual &hellip; <a href=\"https:\/\/apsicologia.com.br\/?page_id=2\" class=\"more-link\">Continue lendo <span class=\"screen-reader-text\"><\/span> <span class=\"meta-nav\">&rarr;<\/span><\/a><\/p>\n","protected":false},"author":1,"featured_media":0,"parent":0,"menu_order":0,"comment_status":"closed","ping_status":"closed","template":"","meta":{"footnotes":""},"class_list":["post-2","page","type-page","status-publish","hentry"],"brizy_media":[],"_links":{"self":[{"href":"https:\/\/apsicologia.com.br\/index.php?rest_route=\/wp\/v2\/pages\/2","targetHints":{"allow":["GET"]}}],"collection":[{"href":"https:\/\/apsicologia.com.br\/index.php?rest_route=\/wp\/v2\/pages"}],"about":[{"href":"https:\/\/apsicologia.com.br\/index.php?rest_route=\/wp\/v2\/types\/page"}],"author":[{"embeddable":true,"href":"https:\/\/apsicologia.com.br\/index.php?rest_route=\/wp\/v2\/users\/1"}],"replies":[{"embeddable":true,"href":"https:\/\/apsicologia.com.br\/index.php?rest_route=%2Fwp%2Fv2%2Fcomments&post=2"}],"version-history":[{"count":18,"href":"https:\/\/apsicologia.com.br\/index.php?rest_route=\/wp\/v2\/pages\/2\/revisions"}],"predecessor-version":[{"id":182,"href":"https:\/\/apsicologia.com.br\/index.php?rest_route=\/wp\/v2\/pages\/2\/revisions\/182"}],"wp:attachment":[{"href":"https:\/\/apsicologia.com.br\/index.php?rest_route=%2Fwp%2Fv2%2Fmedia&parent=2"}],"curies":[{"name":"wp","href":"https:\/\/api.w.org\/{rel}","templated":true}]}}